{"id":11785,"date":"2022-01-08T12:49:43","date_gmt":"2022-01-08T11:49:43","guid":{"rendered":"https:\/\/rojasfotografo.com\/?page_id=11785"},"modified":"2023-06-28T09:22:08","modified_gmt":"2023-06-28T08:22:08","slug":"sobre-mi","status":"publish","type":"page","link":"https:\/\/rojasfotografo.com\/en\/sobre-mi","title":{"rendered":"Sobre m\u00ed"},"content":{"rendered":"<div class=\"trp_language_switcher_shortcode\">\n<div class=\"trp-language-switcher trp-language-switcher-container\" data-no-translation>\n    <div class=\"trp-ls-shortcode-current-language\">\n        <a href=\"#\" class=\"trp-ls-shortcode-disabled-language trp-ls-disabled-language\" title=\"Espa\u00f1ol\" onclick=\"event.preventDefault()\">\n\t\t\t Espa\u00f1ol\t\t<\/a>\n    <\/div>\n    <div class=\"trp-ls-shortcode-language\">\n                    <a href=\"https:\/\/rojasfotografo.com\/wp-json\/wp\/v2\/pages\/11785\/\" title=\"Espa\u00f1ol\">\n             Espa\u00f1ol        <\/a>\n\n        <\/div>\n    <script type=\"application\/javascript\">\n        \/\/ need to have the same with set from JS on both divs. Otherwise it can push stuff around in HTML\n        var trp_ls_shortcodes = document.querySelectorAll('.trp_language_switcher_shortcode .trp-language-switcher');\n        if ( trp_ls_shortcodes.length > 0) {\n            \/\/ get the last language switcher added\n            var trp_el = trp_ls_shortcodes[trp_ls_shortcodes.length - 1];\n\n            var trp_shortcode_language_item = trp_el.querySelector( '.trp-ls-shortcode-language' )\n            \/\/ set width\n            var trp_ls_shortcode_width                                               = trp_shortcode_language_item.offsetWidth + 16;\n            trp_shortcode_language_item.style.width                                  = trp_ls_shortcode_width + 'px';\n            trp_el.querySelector( '.trp-ls-shortcode-current-language' ).style.width = trp_ls_shortcode_width + 'px';\n\n            \/\/ We're putting this on display: none after we have its width.\n            trp_shortcode_language_item.style.display = 'none';\n        }\n    <\/script>\n<\/div>\n<\/div>\n\n\n\n<h1 class=\"wp-block-heading\"><a href=\"https:\/\/rojasfotografo.com\/en\/\" data-type=\"page\" data-id=\"14\">Julian Rojas<\/a><\/h1>\n\n\n\n<h2 class=\"wp-block-heading\"> photography, dron operator, DP, camera operator <\/h2>\n\n\n<div class=\"menu-principal-container\"><ul id=\"menu-principal\" class=\"menu\"><li id=\"menu-item-11787\" class=\"menu-item menu-item-type-post_type menu-item-object-page menu-item-11787\"><a href=\"https:\/\/rojasfotografo.com\/en\/sobre-mi\">Sobre m\u00ed<\/a><\/li>\n<li id=\"menu-item-250\" class=\"menu-item menu-item-type-post_type menu-item-object-page menu-item-250\"><a href=\"https:\/\/rojasfotografo.com\/en\/galeria_fotografica\">Photo gallery<\/a><\/li>\n<li id=\"menu-item-12013\" class=\"menu-item menu-item-type-post_type menu-item-object-page menu-item-12013\"><a href=\"https:\/\/rojasfotografo.com\/en\/galeria-de-video\">Video gallery<\/a><\/li>\n<li id=\"menu-item-37\" class=\"menu-item menu-item-type-post_type menu-item-object-page menu-item-37\"><a href=\"https:\/\/rojasfotografo.com\/en\/contacto\">Contact<\/a><\/li>\n<\/ul><\/div>\n\n\n\n<hr class=\"wp-block-separator has-css-opacity\"\/>\n\n\n\n<h4 class=\"wp-block-heading\">Sobre m\u00ed&#8230;<\/h4>\n\n\n<p><img decoding=\"async\" class=\"alignnone size-large wp-image-11796\" src=\"http:\/\/rojasfotografo.com\/wp-content\/uploads\/2022\/01\/yoDronLanzarote-1024x477.jpeg\" alt=\"Juli\u00e1n Rojas\" width=\"100%\" srcset=\"https:\/\/rojasfotografo.com\/wp-content\/uploads\/2022\/01\/yoDronLanzarote-1024x477.jpeg 1024w, https:\/\/rojasfotografo.com\/wp-content\/uploads\/2022\/01\/yoDronLanzarote-300x140.jpeg 300w, https:\/\/rojasfotografo.com\/wp-content\/uploads\/2022\/01\/yoDronLanzarote-768x358.jpeg 768w, https:\/\/rojasfotografo.com\/wp-content\/uploads\/2022\/01\/yoDronLanzarote-1536x715.jpeg 1536w, https:\/\/rojasfotografo.com\/wp-content\/uploads\/2022\/01\/yoDronLanzarote-18x8.jpeg 18w, https:\/\/rojasfotografo.com\/wp-content\/uploads\/2022\/01\/yoDronLanzarote-1568x730.jpeg 1568w, https:\/\/rojasfotografo.com\/wp-content\/uploads\/2022\/01\/yoDronLanzarote.jpeg 1600w\" sizes=\"(max-width: 1024px) 100vw, 1024px\" \/><\/p>\n\n\n<h4 class=\"wp-block-heading\">Me<\/h4>\n\n\n\n<p class=\"has-text-align-left\">I suppose I have to sell myself now... imagine where I'd be if I knew how to do that!<\/p>\n\n\n\n<p class=\"has-text-align-left\">Well, I can say that I've been enthusiastic about pictures since I was little. It's my job, my passion and a lot of the time it's an obsession.<\/p>\n\n\n\n<p>My images have defended dreams and they've helped massive multinationals, and they've also taught me that there's no such thing as a small client or, in football speak, there's no match won before a ball's been kicked.<\/p>\n\n\n\n<p>I couldn't choose between still or moving images, for me they're both parts of the same thing: telling stories.<\/p>\n\n\n\n<p>I love working in a team and making a contribution, but above all I like others' contributions and learning from every project and every person.<\/p>\n\n\n\n<hr class=\"wp-block-separator has-css-opacity\"\/>\n\n\n\n<h4 class=\"wp-block-heading\">Training<\/h4>\n\n\n\n<p>I taught myself from a young age and in photography associations in my native region of Gipuzkoa. I later studied video more formally at the CEV in Madrid, but I've taken countless courses and I learn new things every day.<\/p>\n\n\n\n<hr class=\"wp-block-separator has-css-opacity\"\/>\n\n\n\n<h4 class=\"wp-block-heading\">Customers<\/h4>\n\n\n\n<p>I've worked for countless clients, from large multinationals like Amazon and GlaxoSmithKline, through to media outlets including El Pa\u00eds and TVE to individual clients all over the world.<\/p>","protected":false},"excerpt":{"rendered":"<p>Juli\u00e1n Rojas fotograf\u00eda, drones, DP, operador de c\u00e1mara Sobre m\u00ed&#8230; Yo Creo que ahora me toca venderme\u2026 \u00a1aqu\u00ed iba a estar yo si supiera hacer eso! Bueno, pues dir\u00e9 que soy entusiasta de la imagen desde peque\u00f1ito. Es mi trabajo, mi pasi\u00f3n y a veces consigo que no sea mi obsesi\u00f3n. Mis im\u00e1genes han defendido<a class=\"more-link\" href=\"https:\/\/rojasfotografo.com\/en\/sobre-mi\">Continue reading <span class=\"screen-reader-text\">\u00abSobre m\u00ed\u00bb<\/span><\/a><\/p>","protected":false},"author":1,"featured_media":0,"parent":0,"menu_order":0,"comment_status":"closed","ping_status":"closed","template":"","meta":{"ngg_post_thumbnail":0},"_links":{"self":[{"href":"https:\/\/rojasfotografo.com\/en\/wp-json\/wp\/v2\/pages\/11785"}],"collection":[{"href":"https:\/\/rojasfotografo.com\/en\/wp-json\/wp\/v2\/pages"}],"about":[{"href":"https:\/\/rojasfotografo.com\/en\/wp-json\/wp\/v2\/types\/page"}],"author":[{"embeddable":true,"href":"https:\/\/rojasfotografo.com\/en\/wp-json\/wp\/v2\/users\/1"}],"replies":[{"embeddable":true,"href":"https:\/\/rojasfotografo.com\/en\/wp-json\/wp\/v2\/comments?post=11785"}],"version-history":[{"count":19,"href":"https:\/\/rojasfotografo.com\/en\/wp-json\/wp\/v2\/pages\/11785\/revisions"}],"predecessor-version":[{"id":12723,"href":"https:\/\/rojasfotografo.com\/en\/wp-json\/wp\/v2\/pages\/11785\/revisions\/12723"}],"wp:attachment":[{"href":"https:\/\/rojasfotografo.com\/en\/wp-json\/wp\/v2\/media?parent=11785"}],"curies":[{"name":"wp","href":"https:\/\/api.w.org\/{rel}","templated":true}]}}

Sobre mí

<div class="trp_language_switcher_shortcode">
<div class="trp-language-switcher trp-language-switcher-container" data-no-translation>
    <div class="trp-ls-shortcode-current-language">
        <a href="#" class="trp-ls-shortcode-disabled-language trp-ls-disabled-language" title="Español" onclick="event.preventDefault()">
			 Español		</a>
    </div>
    <div class="trp-ls-shortcode-language">
                    <a href="https://rojasfotografo.com/wp-json/wp/v2/pages/11785/" title="Español">
             Español        </a>

        </div>
    <script type="application/javascript">
        // need to have the same with set from JS on both divs. Otherwise it can push stuff around in HTML
        var trp_ls_shortcodes = document.querySelectorAll('.trp_language_switcher_shortcode .trp-language-switcher');
        if ( trp_ls_shortcodes.length > 0) {
            // get the last language switcher added
            var trp_el = trp_ls_shortcodes[trp_ls_shortcodes.length - 1];

            var trp_shortcode_language_item = trp_el.querySelector( '.trp-ls-shortcode-language' )
            // set width
            var trp_ls_shortcode_width                                               = trp_shortcode_language_item.offsetWidth + 16;
            trp_shortcode_language_item.style.width                                  = trp_ls_shortcode_width + 'px';
            trp_el.querySelector( '.trp-ls-shortcode-current-language' ).style.width = trp_ls_shortcode_width + 'px';

            // We're putting this on display: none after we have its width.
            trp_shortcode_language_item.style.display = 'none';
        }
    </script>
</div>
</div>



<h1 class="wp-block-heading"><a href="https://rojasfotografo.com/en/" data-type="page" data-id="14">Julian Rojas</a></h1>



<h2 class="wp-block-heading"> photography, dron operator, DP, camera operator </h2>


<div class="menu-principal-container"><ul id="menu-principal" class="menu"><li id="menu-item-11787" class="menu-item menu-item-type-post_type menu-item-object-page menu-item-11787"><a href="https://rojasfotografo.com/en/sobre-mi">Sobre mí</a></li>
<li id="menu-item-250" class="menu-item menu-item-type-post_type menu-item-object-page menu-item-250"><a href="https://rojasfotografo.com/en/galeria_fotografica">Photo gallery</a></li>
<li id="menu-item-12013" class="menu-item menu-item-type-post_type menu-item-object-page menu-item-12013"><a href="https://rojasfotografo.com/en/galeria-de-video">Video gallery</a></li>
<li id="menu-item-37" class="menu-item menu-item-type-post_type menu-item-object-page menu-item-37"><a href="https://rojasfotografo.com/en/contacto">Contact</a></li>
</ul></div>



<hr class="wp-block-separator has-css-opacity"/>



<h4 class="wp-block-heading">Sobre mí&#8230;</h4>


<p><img decoding="async" class="alignnone size-large wp-image-11796" src="http://rojasfotografo.com/wp-content/uploads/2022/01/yoDronLanzarote-1024x477.jpeg" alt="Julián Rojas" width="100%" srcset="https://rojasfotografo.com/wp-content/uploads/2022/01/yoDronLanzarote-1024x477.jpeg 1024w, https://rojasfotografo.com/wp-content/uploads/2022/01/yoDronLanzarote-300x140.jpeg 300w, https://rojasfotografo.com/wp-content/uploads/2022/01/yoDronLanzarote-768x358.jpeg 768w, https://rojasfotografo.com/wp-content/uploads/2022/01/yoDronLanzarote-1536x715.jpeg 1536w, https://rojasfotografo.com/wp-content/uploads/2022/01/yoDronLanzarote-18x8.jpeg 18w, https://rojasfotografo.com/wp-content/uploads/2022/01/yoDronLanzarote-1568x730.jpeg 1568w, https://rojasfotografo.com/wp-content/uploads/2022/01/yoDronLanzarote.jpeg 1600w" sizes="(max-width: 1024px) 100vw, 1024px" /></p>


<h4 class="wp-block-heading">Me</h4>



<p class="has-text-align-left">I suppose I have to sell myself now... imagine where I'd be if I knew how to do that!</p>



<p class="has-text-align-left">Well, I can say that I've been enthusiastic about pictures since I was little. It's my job, my passion and a lot of the time it's an obsession.</p>



<p>My images have defended dreams and they've helped massive multinationals, and they've also taught me that there's no such thing as a small client or, in football speak, there's no match won before a ball's been kicked.</p>



<p>I couldn't choose between still or moving images, for me they're both parts of the same thing: telling stories.</p>



<p>I love working in a team and making a contribution, but above all I like others' contributions and learning from every project and every person.</p>



<hr class="wp-block-separator has-css-opacity"/>



<h4 class="wp-block-heading">Training</h4>



<p>I taught myself from a young age and in photography associations in my native region of Gipuzkoa. I later studied video more formally at the CEV in Madrid, but I've taken countless courses and I learn new things every day.</p>



<hr class="wp-block-separator has-css-opacity"/>



<h4 class="wp-block-heading">Customers</h4>



<p>I've worked for countless clients, from large multinationals like Amazon and GlaxoSmithKline, through to media outlets including El País and TVE to individual clients all over the world.</p>

<p>Julián Rojas fotografía, drones, DP, operador de cámara Sobre mí&#8230; Yo Creo que ahora me toca venderme… ¡aquí iba a estar yo si supiera hacer eso! Bueno, pues diré que soy entusiasta de la imagen desde pequeñito. Es mi trabajo, mi pasión y a veces consigo que no sea mi obsesión. Mis imágenes han defendido<a class="more-link" href="https://rojasfotografo.com/en/sobre-mi">Continue reading <span class="screen-reader-text">«Sobre mí»</span></a></p>
